 -3*z, -q - q = 5*z - 53. Let h = 13 - z. Calculate the greatest common divisor of h and 1.
1
Suppose 5*q + d = 77, 2*d - 9 = -3*q + 33. Let i be (-8)/12 - 200/(-12). Calculate the greatest common factor of i and q.
16
Let y(l) = l**3 - 19*l**2 + 23*l - 44. Let c be y(18). Calculate the highest common divisor of 368 and c.
46
Let w be -1 + 2 - (-9 + -50). What is the highest common divisor of w and 276?
12
Let j be (3/(-9))/((-2)/18). Suppose -4*w + 5 = -j. Suppose 21 + 189 = w*o. What is the highest common divisor of o and 15?
15
Let v be 640 - 5/(15/(-9)). Let p = v - 959. Let q = 460 + p. What is the greatest common divisor of 16 and q?
16
Let j = -5 + 7. Let s be (-2)/2*-1*0/4. Suppose -3*n + 1 + s = 4*u, -2*n + u = -8. What is the greatest common divisor of n and j?
1
Suppose -6*r + 3*r + 4*h - 76 = 0, -2*r + h - 54 = 0. Let q be (-42)/(-9)*(-144)/r. What is the greatest common factor of q and 4?
4
Suppose -3*s + 372 = 3*h + 63, 4*h = 2*s + 418. Let k = h - -16. Calculate the greatest common divisor of k and 12.
12
Suppose -s - 526 = -3*s - 3*q, 2*q + 277 = s. Suppose 33 = -2*m + s. Let j = m + 35. What is the highest common divisor of 17 and j?
17
Suppose -5*g + 495 = 4*r + r, 3*r = 5*g - 535. Calculate the highest common divisor of g and 13.
13
Suppose 4616 - 341 = 15*z. What is the highest common factor of z and 342?
57
Suppose 2*m - 5*m = -9. Let d be (5 - m)*(-5)/((-5)/6). Calculate the highest common divisor of d and 132.
12
Let t(a) = -a**3 - 2*a**2 + 14*a + 72. Let g be t(-6). Calculate the greatest common factor of g and 48.
12
Let n(v) be the third derivative of -v**4/2 - 22*v**3/3 - 47*v**2. Let m be n(-5). What is the highest common factor of m and 2?
2
Let w = 176 - 170. Calculate the greatest common divisor of 10 and w.
2
Suppose 4*u - u + 129 = 0. Let y = -36 + 151. Let m = y + u. What is the greatest common factor of 24 and m?
24
Let c = 954 - 946. What is the highest common factor of 16 and c?
8
Let s(g) = 50*g - 59*g + 3*g**2 + 25*g - 9. Let b be 1 + 2 + -2 + -13. Let a be s(b). What is the greatest common factor of a and 21?
21
Let r be (-4 - (-2 + 15/(-10)))*-36. What is the highest common divisor of 2 and r?
2
Suppose -2*q = 3*b - 93, -2*b = -4*q + 94 + 68. Let a(r) = -2*r**3 + r**2 + 3*r. Let o be a(-2). Calculate the greatest common factor of o and q.
14
Let m(l) = -l**3 - 8*l**2 - 4*l + 21. Let u be m(-8). What is the highest common divisor of 583 and u?
53
Suppose 51*b - 39*b = 240. What is the highest common divisor of 660 and b?
20
Let y = 49 - 35. Let s(w) = w**2 + 2*w. Let z be s(3). Let j = 43 - z. Calculate the highest common divisor of j and y.
14
Let b(o) = o + 1. Let k(a) = 3*a + 2. Let j be (-12)/(-8)*2/3. Let n(r) = j*b(r) - k(r). Let i be n(-7). Calculate the highest common factor of i and 91.
13
Suppose 0 = -6*w + 3*w + 66. Let m(f) = -f**2 + 13*f + 2. Let q be m(6). Suppose -5*k + q = -k. Calculate the greatest common divisor of k and w.
11
Let j(w) = 10*w**2 - w - 2. Let i be j(-2). Calculate the greatest common divisor of 10 and i.
10
Let z be ((2 + 38)/2)/(-1). Suppose 13*u + 130 = -0*u. Let n be (-596)/z - 2/u. What is the greatest common factor of 15 and n?
15
Suppose -2*v - 12 = -v. Let g be 120/9 - 8/v. What is the highest common divisor of g and 70?
14
Let h be (-9*1)/(75/(-250)). What is the greatest common divisor of h and 1620?
30
Suppose 8*u + 438 - 1726 = 0. Calculate the highest common factor of 23 and u.
23
Suppose 8*u - 6*u = 18. Let x(t) = 6*t + 27. Let p be x(u). Calculate the highest common factor of 54 and p.
27
Suppose -3*p = 5*u + 5, 0*p - 7 = p + 3*u. Suppose 0 + 6 = 3*g. What is the highest common divisor of g and p?
1
Let o = 4132 + -2369. Calculate the highest common divisor of 43 and o.
43
Let f be (81/3)/((-2)/(-24)). What is the highest common factor of f and 18?
18
Suppose 0 = 7*t - 324 + 65. Calculate the greatest common divisor of t and 333.
37
Suppose -4*o + 9102 = -2*b, o + 3*b + 0*b - 2272 = 0. Calculate the greatest common divisor of 182 and o.
91
Let k be (-221 + -10)/(4/(-24)*2). Calculate the highest common divisor of k and 154.
77
Suppose -17*k + 6 = -15*k. Suppose p = -2*m - k*m + 35, 0 = 5*p - 4*m - 117. What is the highest common factor of p and 5?
5
Suppose 5*g = 4*g + 5. Suppose 4*a = j - 83, -4*a = -g*j - 2*a + 487. Let y = 20 + -11. Calculate the greatest common divisor of j and y.
9
Suppose 0 = 12*c + 3*c - 60. Calculate the highest common divisor of 124 and c.
4
Suppose 5*t + 13575 = 5*u, 4*t - 93 + 89 = 0. Calculate the highest common factor of 14 and u.
14
Let j be (-12)/(-8) + 4/8 - 2. Suppose 3*g = 3*k - 15, 5*k = -g - j*g + 7. What is the greatest common divisor of k and 16?
2
Let k be 25/10*(-32)/(-10). Suppose 60 = z - 2*w, w + 126 = 43*z - 41*z. Calculate the highest common factor of z and k.
8
Let w = 4 + 0. Let f be (-1)/((-52)/16 - -3). Suppose 65 = f*a + 1. What is the greatest common divisor of a and w?
4
Let j be (51/45 - 1) + 236/30. Calculate the greatest common factor of j and 256.
8
Let f = -103 - -184. Calculate the highest common divisor of f and 36.
9
Suppose -3*m - 3*v + 134 = -v, 138 = 3*m + 3*v. Calculate the greatest common divisor of 462 and m.
42
Let x = 5308 + -5286. Let s = 183 + 15. What is the highest common factor of x and s?
22
Let v(l) = -10*l**3 - 3*l**2 + 7*l + 31. Let d be v(-3). Calculate the highest common factor of 161 and d.
23
Let r = 35 + -29. Suppose -r*g + 20 = -g. Suppose 5*q = 4*t + 156, -q = -4*t - g - 24. What is the greatest common divisor of q and 256?
32
Suppose -6*v + 3*v + 3*r + 138 = 0, 10 = 2*r. Calculate the highest common divisor of v and 27.
3
Suppose 184 = 23*m - 23. Suppose -x = x - 6. Calculate the highest common divisor of x and m.
3
Let b = 164 + -246. Let r = -68 - b. What is the highest common factor of 7 and r?
7
Let n(x) = x**3 - 13*x**2 + 14*x + 4. Let z be n(12). Let t = 191 + -107. Calculate the highest common divisor of t and z.
28
Let z be (14/((-252)/(-6435)))/((-2)/(-4)). Calculate the greatest common factor of 39 and z.
13
Let l(t) = 68*t - 228. Let u be l(5). What is the greatest common divisor of 42 and u?
14
Suppose -986 = 13*t - 1181. What is the greatest common divisor of 1020 and t?
15
Let u be (16/24)/(2*3/693). Calculate the greatest common factor of u and 7.
7
Suppose -2*l + 5*r = 17, -303*l + 307*l - 2*r - 6 = 0. Calculate the highest common factor of 7 and l.
1
Suppose 2*f - 7*f - 4*s = -818, -2*f = -s - 322. Let l be (f/(-8))/(5/(-20)). What is the highest common divisor of 9 and l?
9
Suppose -19*c = 5 - 290. Let a(w) = 6*w**3 - 2*w + 1. Let q be a(2). Calculate the highest common factor of q and c.
15
Let v(u) = u**2 + 7*u + 9. Let d be v(-6). Suppose -2*p = 3*p + 30. Let f = 33 + p. What is the highest common divisor of d and f?
3
Suppose -15*o - 13266 = -33*o. Calculate the highest common factor of o and 67.
67
Let t be 3 + 8*3/(-6). Let l be (17/17)/(t/(-91)). Calculate the highest common divisor of 13 and l.
13
Let y = 172 + -138. What is the highest common divisor of 272 and y?
34
Let m(h) = -h - 13. Let t be m(-13). Suppose t = 5*o - 25 - 20. Let y(b) = b + 8. Let k be y(o). What is the highest common divisor of k and 119?
17
Let g = 10 + 2. Suppose g*v - 7 = 11*v. Calculate the greatest common factor of v and 1.
1
Let x = -24 + 23. Let i(o) = -23*o - 2. Let p be i(x). Let d = p - 16. Calculate the highest common factor of d and 1.
1
Suppose -l = 4*t - 29, -2*l - 13 + 50 = 5*t. Let w(c) = 4*c - t*c + 0*c**2 + c + 4*c**2. Let g be w(2). What is the greatest common divisor of 18 and g?
6
Let m(n) = 1 + 93*n**2 - 5*n + 3*n + n + 2*n. Let d be m(1). Let q = 25 - 6. Calculate the greatest common divisor of d and q.
19
Suppose 221*r + 12 = 222*r. What is the greatest common divisor of 16 and r?
4
Let l(j) = j**3 + j**2 - j + 42. Let w be l(0). Calculate the highest common factor of w and 6.
6
Suppose -10*g = 2*g - 912. Calculate the highest common divisor of g and 323.
19
Let l be 309 + 96 - (-2 - -11). Calculate the highest common divisor of l and 308.
44
Let u be (3*(-1 - 0))/((-12)/16). What is the highest common divisor of 32 and u?
4
Let h = -140 - -143. Calculate the highest common divisor of h and 4.
1
Let z be (-984)/(-7) + 1*28/(-49). Calculate the gr